4 - 19. What is the remainder when k is divided by 14?
13
Let k(x) = -3*x - 1. Let i(w) = -w + 15. Let s be i(9). Let m be k(s). What is the remainder when m/((-1 + 2)*-1) is divided by 10?
9
Let t = 143 + -76. Suppose -3*g - 4 = -t. What is the remainder when g is divided by 11?
10
What is the remainder when (3 - 4)/(4/(-476)) is divided by 30?
29
Let p be (1 + 0)*8/8. Let s = p + 2. What is the remainder when 10 is divided by s?
1
Suppose -49 - 43 = -4*a - 2*k, 3*a - k = 74. Let c = a + -7. Calculate the remainder when 32 is divided by c.
15
Suppose 0 = s - 2, 5*l + 24 = 4*s - 1254. What is the remainder when l/(-6) - 6/(-9) is divided by 22?
21
Let x(j) = 6*j - 13. Calculate the remainder when x(13) is divided by 22.
21
Suppose -3*h + 5*h + q = 27, -1 = -h - 3*q. Let r = h + -1. Let x(d) = d**2 + 2*d + 1. What is the remainder when r is divided by x(-4)?
6
Let v(g) = -g**2 - 9*g - 5. Let j be v(-6). What is the remainder when 14 is divided by 10/15 - j/(-3)?
4
Suppose -9 - 11 = 4*o. Let y = -4 - o. Calculate the remainder when 49 is divided by (-201)/(-12) - y/(-4).
15
Suppose 5 = -3*z - 1. What is the remainder when 42 is divided by (-87)/(-4) - z/8?
20
Suppose 4*v - 184 = -3*p - p, -180 = -5*v + 5*p. What is the remainder when v is divided by 45/4 - (-1)/(-4)?
8
Let u = -163 - -174. What is the remainder when (-122)/(-6) - (-6)/9 is divided by u?
10
Let w(t) = -35*t**3 - t - 1. Let j be w(-1). Let c = 9 + -21. Let p = j + c. Calculate the remainder when 68 is divided by p.
22
Suppose -2*q - 235 = -5*z + q, 3*z - 141 = -5*q. What is the remainder when z is divided by (-3 + 2)/(1/(-12))?
11
Let h be -4 + 6 - (-2 - 1). Suppose h*k + 35 = 85. What is the remainder when 48 is divided by k?
8
Let l(o) = o**3 + 7*o**2 - 20*o - 3. Calculate the remainder when 72 is divided by l(-9).
12
Suppose -6 = 3*n - 6*n. What is the remainder when n is divided by 2?
0
Suppose 0 = -2*t + 2*g - 0*g - 34, -54 = 3*t - 2*g. Let l = t - -31. What is the remainder when 32 is divided by l?
10
Calculate the remainder when 28 is divided by (10/(-2))/(5/(-15)).
13
Let w(a) = 9*a**2 - 2*a. Calculate the remainder when w(2) is divided by 11.
10
Let w = 3 - 1. Suppose -5*m + 26 + 54 = 0. Suppose -2*h - m = -4*y, h + y + 0*y = 7. What is the remainder when w is divided by h?
0
Suppose 10*n = 7*n + 339. Calculate the remainder when n is divided by 30.
23
Let p be 1/(-2)*0 - -3. Suppose 0 = -p*f - 2*z + 69 + 69, z = 2*f - 92. What is the remainder when f is divided by 12?
10
Let m(q) = q**2 + 16*q + 13. What is the remainder when m(-16) is divided by 8?
5
Let k(y) = 2*y + 2 - 6 - 1 - 2 - 4*y**2 - y**3. What is the remainder when k(-5) is divided by (-2)/(-10) + 14/5?
2
What is the remainder when -3 + 28/1 + 0 is divided by 7?
4
Suppose 5*v - 14 = 6. Calculate the remainder when v is divided by 3.
1
Suppose 4*v + 0*g = 3*g + 191, 0 = 3*v - g - 142. Suppose 2*s - 33 = v. Suppose -5*p + 40 = -s. Calculate the remainder when p is divided by 9.
7
Let q(v) = -v - 9. Let k be q(-9). Suppose 6*i - 7*i + 17 = k. Calculate the remainder when i is divided by 6.
5
Suppose 0 = -2*y + 4. Suppose y*z = z + 28. Suppose -25 - 20 = -3*h. What is the remainder when z is divided by h?
13
Let d(j) = 2*j - 6. Suppose -4*z + 7 + 10 = 3*y, 15 = 2*z - 5*y. Let g = 7 - z. Calculate the remainder when d(5) is divided by g.
0
Suppose 0 = -58*a + 62*a - 140. What is the remainder when 67 is divided by a?
32
What is the remainder when (-1703)/(-7) - (84/(-49) - -2) is divided by 41?
38
Suppose 45 = 5*u - 45. What is the remainder when 35 is divided by u?
17
Suppose 2*o = 10*o - 816. Calculate the remainder when o is divided by 21.
18
Suppose 0*l + 232 = 4*l. Let t = -62 + 77. What is the remainder when l is divided by t?
13
Calculate the remainder when 2/(-1 - -3) - -126 is divided by 32.
31
Calculate the remainder when 19 is divided by 1/(-3) + 370/30.
7
Let b(t) = t**2 + 5*t + 15. Calculate the remainder when 43 is divided by b(-5).
13
Let u(h) = 3*h**2 - 7*h + 5. What is the remainder when 47 is divided by u(4)?
22
Suppose 2*k + 2*s - 5 = -3*s, 3*k + s = 27. Calculate the remainder when 38 is divided by k.
8
Let n be 6*(4/3 + 0). Calculate the remainder when 23 is divided by ((-18)/n)/(3/(-16)).
11
Let y(a) = a**3 - 4*a**2 - 5*a + 4. Let p(i) = -4*i - 40. Calculate the remainder when y(6) is divided by p(-13).
10
Suppose 65 = 13*t - 8*t. Suppose -92 = -0*y - 4*y. What is the remainder when y is divided by t?
10
Suppose c = -3*y + 37, 5*y = 3*c - 2*c - 29. What is the remainder when c is divided by 12?
10
Let u be -1 - 18/(-4 + 1). Suppose -w = -6*w + u, 32 = 3*y + 5*w. What is the remainder when y is divided by 5?
4
Suppose -44 = -0*g - 3*g - b, -4 = -2*b. Suppose -12*i + 10*i + g = 0. Calculate the remainder when 20 is divided by i.
6
Let j be (-4 - 27)*(-1)/1. Let n = j + -18. Suppose -i + 6*i = 25. What is the remainder when n is divided by i?
3
Suppose -2*n + 10 = 3*n. Suppose a - n = 3*r, -3*a + 2*r = 3 - 9. What is the remainder when (6/2)/(1/a) is divided by 4?
2
Suppose w - 10 = -4*w. Suppose 7*r = 2*r - w*q + 36, -3*r + 5*q + 3 = 0. Suppose 0 = -3*p + 26 + 7. What is the remainder when p is divided by r?
5
Suppose 0 = 2*w - 3 - 75. Suppose c = 4*c - w. Let h(l) = -l**3 + 4*l**2 + 5*l + 5. Calculate the remainder when c is divided by h(5).
3
Calculate the remainder when (-46)/(-3) - (-1)/(-3) is divided by 4.
3
Suppose 3*k + 163 = 2*r, k - 6*k - 245 = -3*r. Suppose 3*j + 2*t - 129 = -5, -2*j = 4*t - r. What is the remainder when j is divided by 11?
9
Suppose 2*s - 5*m = s + 22, 2*m = 2*s - 28. Suppose 4*f - 78 = 3*n + 25, 2*n = -2*f + 34. Calculate the remainder when f is divided by s.
10
Let o(t) = -2*t**2 - t**3 + 4 - 3 - t**2. What is the remainder when 3 is divided by o(-3)?
0
Let f = -10 + 19. Suppose -q = -2*q + 34. What is the remainder when q is divided by f?
7
Suppose 10 - 2 = -2*l. Let g = 6 + l. What is the remainder when g is divided by ((-12)/3)/(-1 + -1)?
0
Let m = 8 + -5. Suppose 0*y + 7 = y - 2*s, -m*y - 2*s = -13. What is the remainder when 8 is divided by y?
3
Suppose -k + 53 = -49. Suppose 5*t - 5*d = 15, 0 = -2*t - d - 0 + 6. Suppose k = 3*o + t*n, -4*n = o - 0*n - 43. What is the remainder when o is divided by 11?
9
Let j(v) = -v + 2. Let t be j(-3). Let n = -3 + t. What is the remainder when n is divided by 2?
0
Let b(k) = -k + 5. Let r be b(7). Let a be r/(-1) + 1 + -8. Let f = a + 31. What is the remainder when f is divided by 9?
8
Let x(a) = 3*a**2 - 3*a - 8. Let m be 15/(-3) + -1 - 0. Let r be x(m). Suppose 4*d + 14 = r. Calculate the remainder when d is divided by 14.
12
Let t(x) = -2*x - 12. Let j be t(-8). Suppose 4*c + 38 = 7*c + j*z, -3*z + 26 = 2*c. Let u = 0 - -37. What is the remainder when u is divided by c?
7
Suppose -c + 6*c - 3*t - 427 = 0, 0 = c + 3*t - 71. Calculate the remainder when c is divided by 29.
25
Suppose 3*v = 2*v + 23. Suppose p = -3*p + 180. What is the remainder when p is divided by v?
22
Let j = -44 - -52. Let z be ((-24)/(-14))/((-1)/112). What is the remainder when (-4)/(-14) - z/14 is divided by j?
6
Suppose -3*u + 30 = -0*u. Let d(y) be the first derivative of y**4/4 + 2*y - 3. Calculate the remainder when d(3) is divided by u.
9
Let q = -4 + 9. Suppose -5*i = -v + 1, -2*v + 3 = v. Let u = i - -3. What is the remainder when q is divided by u?
2
Let q(a) = -2*a**3 - 7*a**2 - 2*a + 6. What is the remainder when q(-5) is divided by 23?
22
Let g(k) = 13 - 2 - 2 - 2*k. Let u be g(-9). Suppose 2*w - u = 3. What is the remainder when 29 is divided by w?
14
Suppose -5*m = -0*m - 110. Calculate the remainder when m is divided by 12.
10
Let g(d) = -d**2 + 8. Calculate the remainder when g(0) is divided by 3.
2
Suppose 3*s + k + k = 19, -1 = -s + 2*k. Suppose 50 = 5*n - s*z, -3*n + n - 2*z = -28. Suppose -2*i + 225 = 3*i. What is the remainder when i is divided by n?
9
Let t(f) = f + 1. Let h be t(9). Suppose -h = -4*s - s. What is the remainder when 3 is divided by s?
1
Let o(p) = -p**2 - 9*p - 11. Calculate the remainder when 3 is divided by o(-7).
0
Suppose -6*q = -3*q - r - 221, 4*q - 298 = 2*r. What is the remainder when q is divided by 40?
32
Let q = 14 + -3. Calculate the remainder when q is divided by 6.
5
Suppose -2*z + 36 = 2*b - 1